+ 5. Suppose 4*w - f*k = 84, 4*w + k + 76 = 8*w. List the prime factors of w.
2, 3
Let h(s) = -2*s + 17. Let l be h(7). Suppose l*r - 9 = 3. Suppose -3*c + 5*n + 101 = 0, 143 = r*c - 0*c - 5*n. What are the prime factors of c?
2, 3, 7
Let j(z) = 2*z**2 + 16*z - 2. Let d = -29 + 18. What are the prime factors of j(d)?
2
Let a(b) = 277*b + 139. What are the prime factors of a(4)?
29, 43
Let l(f) = 140*f**2 + 11*f + 29. What are the prime factors of l(-3)?
2, 157
Let w = -1283 - -1801. List the prime factors of w.
2, 7, 37
Suppose -2*k = -3*v + 12, -k - 2*v - 40 = 3*k. Let z = 18 + k. Suppose -5*x + 2*x - z = 0, 5*x = -r - 13. List the prime factors of r.
2
Let h be ((-6)/4 + 2)/(2/16). Let z = h + 45. What are the prime factors of z?
7
Let n be (-3 - -100)*(0 - 1). Let i = n - -177. List the prime factors of i.
2, 5
Let y(s) be the first derivative of 4*s**3/3 - 5*s**2/2 - 22*s + 6. List the prime factors of y(-5).
103
Let r = -6 - -18. Let d(f) be the second derivative of f**3/3 + 15*f**2/2 + 3*f. What are the prime factors of d(r)?
3, 13
Let g be 0/1 + (-2 - (-6)/3). Suppose -v + 10 + 113 = g. What are the prime factors of v?
3, 41
Suppose 2*a - 3270 = -642. List the prime factors of a.
2, 3, 73
Suppose 0 = -2*z + 15 - 11. Suppose -7 = -z*i + 215. What are the prime factors of i?
3, 37
List the prime factors of ((-2)/(-3))/(313976/(-44856) - -7).
3, 7, 89
Let y be 26/6 - 18/(-27). Suppose 2*x + 5*z = z + 16, -19 = -2*x - 5*z. Suppose -3*r = k, 2*k - x*r - y = 3. What are the prime factors of k?
3
Let u(k) = k + 1. Let f be u(1). Let b = 106 - 104. Suppose f + 12 = b*h. List the prime factors of h.
7
Let d = -5848 + -1724. What are the prime factors of 2*(d/(-72) - (-2)/(-3))?
11, 19
Let a = -2672 - -4457. List the prime factors of a.
3, 5, 7, 17
Suppose -7*c = -2*z - 2*c + 6991, 3*c - 3479 = -z. Suppose z = 12*n + 428. List the prime factors of n.
3, 5, 17
Suppose 3*k = a - 17, 7*k + 21 = a + 3*k. Suppose -220 - 187 = -3*h - 2*c, h = -a*c + 114. List the prime factors of h.
139
Let t(v) = 6*v**2 - 2. Let j be t(1). Suppose j*o - 70 = -3*z - 2*z, -3*o = 0. What are the prime factors of z?
2, 7
Let p(g) = -g**3 - 3*g**2 - 2. Let v be p(-3). List the prime factors of ((-228)/(-95))/(v/(-115)).
2, 3, 23
Suppose -p = p. Suppose 2*g = 2*k - 54, p*k + 2 = k. Let j = g - -59. What are the prime factors of j?
2, 17
What are the prime factors of (-1000)/(-2) + -32 + 25?
17, 29
Let i(q) be the third derivative of q**4/24 + q**3 + 3*q**2. Let z be i(-5). Let l(x) = 24*x**2 - 1. What are the prime factors of l(z)?
23
Suppose -21*a + 24*a = 3036. List the prime factors of a.
2, 11, 23
Suppose 2*h + 3*h - 4*k = 15, -2*h + 18 = -4*k. Let p be h - (-2)/((-2)/(-21)). List the prime factors of (-16)/(-3) - p/(-30).
2, 3
Let y(n) be the second derivative of 3*n**5/4 - n**4/12 - 5*n**3/6 + 5*n**2/2 - 34*n. What are the prime factors of y(2)?
3, 37
Let w = 3755 - 1938. What are the prime factors of w?
23, 79
List the prime factors of ((-1832)/40 + 2)*-25.
3, 5, 73
Suppose -2*v = -210 - 1204. Let j = v - 484. What are the prime factors of j?
223
What are the prime factors of (3*4/(-36))/((-2)/258)?
43
Let h(x) = -x + 1. Let b(d) = 8*d + 4. Let u(p) = -b(p) - 3*h(p). List the prime factors of u(-3).
2
Suppose -k = -4*k + 618. Let u = -120 + k. What are the prime factors of u?
2, 43
Let o(q) = -q - 7. Let d be o(-10). Let g be 1 - (9/d + -2). What are the prime factors of 11 - (3 + 0 + g)?
2
Let b(x) = x**3 + 11*x**2 + 9*x - 5. Let c be b(-10). Suppose -c*i = 5, -4*h + 5*i + 436 = i. List the prime factors of h.
2, 3
Suppose -85 = 2*k + 151. Let z = 187 + k. What are the prime factors of z?
3, 23
Let j(n) = -n**3 + 10*n**2 + 9*n + 12. Let z be j(8). Suppose 5*k = -z + 607. List the prime factors of k.
79
Let s be 912/(-66) + (-6)/33. Let o(j) = -3*j + 19. What are the prime factors of o(s)?
61
Let v be (2 + -12)/(-2) - -98. Suppose -v = -a + 82. What are the prime factors of a?
5, 37
Let b = 89 + -61. Let n = 18 + 4. Suppose -2*q = -n - b. List the prime factors of q.
5
List the prime factors of ((-2108)/(-8))/(-7*(-5)/210).
3, 17, 31
Let a = 2487 + -1688. List the prime factors of a.
17, 47
Suppose 4*o = 3*o + 17. Let r be (2/(-7))/(6/(-42)). Suppose -r*j + o = -j. List the prime factors of j.
17
Let p be (0/(-10))/(1 + 1). Suppose 5*s + x = 1589, 4*s - 4*x + x - 1275 = p. List the prime factors of s.
2, 3, 53
Let n = 31 - 28. Let l(h) = -h**2 + 2*h + 6. Let c be l(n). Suppose 0 = -5*d + 2*d + 3*b + 222, 222 = c*d - 2*b. List the prime factors of d.
2, 37
Let k(b) = 65*b - 26. Let l be (-6)/9*(-3)/(2 - 1). List the prime factors of k(l).
2, 13
Let s = 190 + 91. What are the prime factors of s?
281
Suppose 4*l - 59 = 5*l - 5*i, -3*i = -3*l - 165. Let q = l - -130. List the prime factors of q.
2, 19
Let v(c) = c + 7. Let t be v(-15). Let n be -2*(t + -1) + -3. Suppose -15*q + n = -10*q. List the prime factors of q.
3
Let y be (-4)/(-4 - -8) + 4. Suppose -y*p + 106 = -5*v, 2*p - 6*v = -v + 74. List the prime factors of p.
2
What are the prime factors of (255504/(-96))/((-1)/2)?
5323
Suppose -4*s = -2*s - 0*s. Suppose 3*r + 489 = 2*v, s = -3*v + 2*v + 4*r + 242. List the prime factors of v.
2, 3, 41
Suppose 5*n = z + 32, -z = -2*n + 8 + 6. Let r be (32/n)/((-4)/(-402)). List the prime factors of r/44 - 2/11.
2, 3
Suppose -5*v + 4*v - 5*f - 2 = 0, 3*v - 2*f = 28. Suppose 5*a = -2*h + v, 4*a - 9 + 4 = -3*h. Suppose -4*x = -a - 42. What are the prime factors of x?
11
Let s = 52 - 131. Let f = s - -46. Let p = 56 + f. List the prime factors of p.
23
Suppose o + b = 30, 4*o - 23 - 102 = -5*b. Suppose o = a - 2. List the prime factors of a.
3
Let r = 11 + -51. Let y = r - -74. What are the prime factors of y?
2, 17
Suppose -2*r - r = 2*u + 4, 0 = u + 5. Let v(y) = -2 + r + y**2 + 0*y**2. What are the prime factors of v(-7)?
7
Suppose 1243 + 5015 = 7*y. What are the prime factors of y?
2, 3, 149
Let d be (-42)/(8/84*-3). Suppose v + 220 = -2*v - 4*q, 5*q + 5 = 0. Let k = v + d. What are the prime factors of k?
3, 5
Let i be (1314/27)/(2/3). Let b = i + -27. What are the prime factors of b?
2, 23
Let r(s) = -s**3 - 13*s**2 + 15*s + 15. Let k be r(-14). Let g(m) = m**2 + 8*m + 5. Let x(i) = 1. Let p(n) = k*g(n) - 2*x(n). List the prime factors of p(-11).
2, 3
Let y be 0/(-2) + 1 + (-12)/(-3). Suppose -y*d + d = -304. What are the prime factors of d?
2, 19
Let x(n) = -26*n - 4. List the prime factors of x(-19).
2, 5, 7
Suppose 0 = 2*r - 5*z - 29, 2*r = -z - z - 6. Suppose r*u + 2*o + 8 = -0*o, o = u + 14. Let a = 14 + u. List the prime factors of a.
5
Let m = 19 - 19. Suppose 4*z - z - 57 = m. List the prime factors of z.
19
Let t(i) = i**3 + 12*i**2 + 15*i + 17. Let v = -56 + 47. List the prime factors of t(v).
5
Let x = 53 + 834. What are the prime factors of x?
887
Suppose -11*z - 362 + 16268 = 0. List the prime factors of z.
2, 3, 241
Let v(c) = 84*c - 260. List the prime factors of v(10).
2, 5, 29
List the prime factors of (-57)/(-19) + (-2272)/(-2).
17, 67
Let t(w) = w + 3. Let c be t(-7). Let x be (-6 - -1)/(c/16). Suppose 2*i + z = 61, -z + 70 = 3*i - x. List the prime factors of i.
29
Let t(a) = 8*a**3 + a + 8 - 5*a + 8*a**3 - 14*a**3 + 2*a**2. What are the prime factors of t(4)?
2, 19
Let v(t) = -3*t**3 - t**2 + 5*t + 2. Let f = 36 - 27. Suppose 0 = 7*k + f + 12. List the prime factors of v(k).
59
What are the prime factors of (84/35)/(2*1/515)?
2, 3, 103
Let w = 13 - 11. Let u be (w/4)/((-1)/(-218)). Suppose 5*q = -9 + u. List the prime factors of q.
2, 5
Let p(s) = -s + 12. Let n be 86/18 - (-8)/36. Let z be p(n). Suppose 4*c = -5*k + 69, -3*c + z = 4*k - 45. List the prime factors of c.
2
Let m(q) = -q + 0*q - 5 + 6*q**2 + q - 2*q. List the prime factors of m(4).
83
Let h(w) = 13*w - 2. Let c be h(5). Suppose 252 - c = 7*q. What are the prime factors of q?
3
Let r = 44 + -28. Suppose -r = -3*j - j, -5*j = 2*t - 404. What are the prime factors of t?
2, 3
Let v = 353 - -59. What are the prime factors of v?
2, 103
Let z be 24/5*(-20)/(-4). Let s be (-240)/18*z/(-10). Suppose 2*d - s = d. What are the prime factors of d?
2
Let i be 2 + (-1 - 1) + 1. Let c be 0 + (1/i - -2). Suppose -43 = -5*g + 4*u, -2*g - c*u = 2*g - 22. What are the prime factors of g?
7
Let p(g) =